e prime factors of 992.
2, 31
What are the prime factors of 18259?
19, 31
What are the prime factors of 46205?
5, 9241
What are the prime factors of 28223?
13, 167
List the prime factors of 49471.
61, 811
List the prime factors of 2315.
5, 463
What are the prime factors of 1476?
2, 3, 41
List the prime factors of 605.
5, 11
What are the prime factors of 15678?
2, 3, 13, 67
List the prime factors of 51090.
2, 3, 5, 13, 131
What are the prime factors of 1337?
7, 191
List the prime factors of 42270.
2, 3, 5, 1409
List the prime factors of 1616.
2, 101
What are the prime factors of 963?
3, 107
List the prime factors of 3819.
3, 19, 67
What are the prime factors of 8939?
7, 1277
What are the prime factors of 57110?
2, 5, 5711
What are the prime factors of 5505?
3, 5, 367
What are the prime factors of 1454?
2, 727
What are the prime factors of 2382?
2, 3, 397
What are the prime factors of 79992?
2, 3, 11, 101
List the prime factors of 2660.
2, 5, 7, 19
What are the prime factors of 18527?
97, 191
What are the prime factors of 1417?
13, 109
List the prime factors of 5572.
2, 7, 199
List the prime factors of 50607.
3, 5623
List the prime factors of 6317.
6317
List the prime factors of 4509.
3, 167
List the prime factors of 15033.
3, 5011
List the prime factors of 98397.
3, 13, 29
What are the prime factors of 1333?
31, 43
What are the prime factors of 62478?
2, 3, 13, 89
List the prime factors of 7100.
2, 5, 71
List the prime factors of 43866.
2, 3, 2437
What are the prime factors of 497?
7, 71
What are the prime factors of 4162?
2, 2081
What are the prime factors of 3589?
37, 97
What are the prime factors of 31769?
31769
What are the prime factors of 9759?
3, 3253
What are the prime factors of 718?
2, 359
List the prime factors of 3077.
17, 181
List the prime factors of 25091.
11, 2281
What are the prime factors of 3266?
2, 23, 71
List the prime factors of 5801.
5801
List the prime factors of 19549.
113, 173
List the prime factors of 51955.
5, 10391
What are the prime factors of 1033?
1033
What are the prime factors of 20374?
2, 61, 167
List the prime factors of 5674.
2, 2837
What are the prime factors of 7775?
5, 311
What are the prime factors of 2596?
2, 11, 59
List the prime factors of 1163.
1163
List the prime factors of 44088.
2, 3, 11, 167
What are the prime factors of 10933?
13, 29
List the prime factors of 17411.
23, 757
What are the prime factors of 154907?
19, 31, 263
What are the prime factors of 11922?
2, 3, 1987
What are the prime factors of 6279?
3, 7, 13, 23
What are the prime factors of 921?
3, 307
What are the prime factors of 159417?
3, 17713
What are the prime factors of 1272?
2, 3, 53
What are the prime factors of 3376?
2, 211
What are the prime factors of 1085?
5, 7, 31
List the prime factors of 3555.
3, 5, 79
What are the prime factors of 1590?
2, 3, 5, 53
What are the prime factors of 2346?
2, 3, 17, 23
List the prime factors of 2670.
2, 3, 5, 89
What are the prime factors of 61?
61
List the prime factors of 16769.
41, 409
List the prime factors of 5199.
3, 1733
List the prime factors of 2525.
5, 101
List the prime factors of 245.
5, 7
What are the prime factors of 5394?
2, 3, 29, 31
What are the prime factors of 96689?
31, 3119
List the prime factors of 10437.
3, 7, 71
List the prime factors of 1147.
31, 37
List the prime factors of 11056.
2, 691
List the prime factors of 212.
2, 53
List the prime factors of 106907.
106907
What are the prime factors of 7215?
3, 5, 13, 37
List the prime factors of 97685.
5, 7, 2791
List the prime factors of 2008.
2, 251
What are the prime factors of 9000?
2, 3, 5
List the prime factors of 2428.
2, 607
List the prime factors of 1178.
2, 19, 31
What are the prime factors of 1653?
3, 19, 29
List the prime factors of 13977.
3, 1553
List the prime factors of 20716.
2, 5179
List the prime factors of 2100.
2, 3, 5, 7
List the prime factors of 7493.
59, 127
What are the prime factors of 4928?
2, 7, 11
List the prime factors of 8979.
3, 41, 73
List the prime factors of 23202.
2, 3, 1289
List the prime factors of 7019.
7019
What are the prime factors of 511?
7, 73
What are the prime factors of 404?
2, 101
List the prime factors of 206.
2, 103
What are the prime factors of 13662?
2, 3, 11, 23
What are the prime factors of 1914?
2, 3, 11, 29
List the prime factors of 14449.
14449
List the prime factors of 1566.
2, 3, 29
List the prime factors of 7746.
2, 3, 1291
List the prime factors of 39.
3, 13
What are the prime factors of 1328?
2, 83
What are the prime factors of 28271?
17, 1663
List the prime factors of 24628.
2, 47, 131
List the prime factors of 1611.
3, 179
List the prime factors of 3142.
2, 1571
List the prime factors of 8367.
3, 2789
What are the prime factors of 38283?
3, 7, 1823
What are the prime factors of 77038?
2, 13, 2963
What are the prime factors of 4429?
43, 103
List the prime factors of 3480.
2, 3, 5, 29
What are the prime factors of 3303?
3, 367
What are the prime factors of 31039?
31039
What are the prime factors of 2872?
2, 359
List the prime factors of 15308.
2, 43, 89
What are the prime factors of 3840?
2, 3, 5
List the prime factors of 1207.
17, 71
List the prime factors of 2964.
2, 3, 13, 19
List the prime factors of 409.
409
What are the prime factors of 33243?
3, 7, 1583
List the prime factors of 47097.
3, 5233
What are the prime factors of 9300?
2, 3, 5, 31
What are the prime factors of 831?
3, 277
What are the prime factors of 7506?
2, 3, 139
List the prime factors of 5239.
13, 31
List the prime factors of 3515.
5, 19, 37
What are the prime factors of 4926?
2, 3, 821
List the prime factors of 15875.
5, 127
List the prime factors of 1557.
3, 173
What are the prime factors of 5129?
23, 223
List the prime factors of 1937.
13, 149
List the prime factors of 6197.
6197
List the prime factors of 4140.
2, 3, 5, 23
What are the prime factors of 134764?
2, 7, 4813
List the prime factors of 1450.
2, 5, 29
What are the prime factors of 9883?
9883
List the prime factors of 37787.
29, 1303
List the prime factors of 24399.
3, 2711
List the prime factors of 132103.
132103
What are the prime factors of 116526?
2, 3, 19421
What are the prime factors of 13332?
2, 3, 11, 101
What are the prime factors of 2946?
2, 3, 491
What are the prime factors of 30012?
2, 3, 41, 61
What are the prime factors of 2692?
2, 673
List the prime factors of 1857.
3, 619
What are the prime factors of 40596?
2, 3, 17, 199
What are the prime factors of 3336?
2, 3, 139
List the prime factors of 2995.
5, 599
What are the prime factors of 77858?
2, 11, 3539
List the prime factors of 34247.
23, 1489
List the prime factors of 966.
2, 3, 7, 23
What are the prime factors of 3228?
2, 3, 269
List the prime factors of 7471.
31, 241
What are the prime factors of 4344?
2, 3, 181
List the prime factors of 455.
5, 7, 13
List the prime factors of 2837.
2837
What are the prime factors of 865?
5, 173
What are the prime factors of 14166?
2, 3, 787
List the prime factors of 2491.
47, 53
What are the prime factors of 44?
2, 11
What are the prime factors of 8643?
3, 43, 67
What are the prime factors of 209?
11, 19
List the prime factors of 28697.
28697
What are the prime factors of 109?
109
List the prime factors of 11683.
7, 1669
List the prime factors of 148.
2, 37
List the prime factors of 129893.
129893
List the prime factors of 35444.
2, 8861
List the prime factors of 125.
5
List the prime factors of 83847.
3, 19, 1471
What are the prime factors of 11880?
2, 3, 5, 11
What are the prime factors of 2703?
3, 17, 53
List the prime factors of 431.
431
What are the prime factors of 28517?
28517
What are the prime factors of 1541?
23, 67
List the prime factors of 556.
2, 139
What are the prime factors of 15219?
3, 19, 89
List the prime factors of 1221.
3, 11, 37
List the prime factors of 103105.
5, 17, 1213
List the prime factors of 6010.
2, 5, 601
List the prime factors of 16110.
2, 3, 5, 179
What are the prime factors of 4637?
4637
What are the prime factors of 500?
2, 5
List the prime factors of 75012.
2, 3, 7, 19, 47
List the prime factors of 832.
2, 13
What are the prime factors of 836?
2, 11, 19
List the prime factors of 10885.
5, 7, 311
List the prime factors of 2217.
3, 739
What are the prime factors of 17832?
2, 3, 743
List th